{"id":447,"date":"2023-11-18T01:05:32","date_gmt":"2023-11-18T00:05:32","guid":{"rendered":"http:\/\/localhost\/?page_id=447"},"modified":"2025-03-10T18:07:36","modified_gmt":"2025-03-10T17:07:36","slug":"spenden","status":"publish","type":"page","link":"https:\/\/er-ig.de\/cms\/spenden\/","title":{"rendered":"Spenden"},"content":{"rendered":"\n<p>Als eingetragener gemeinn\u00fctziger Verein finanzieren wir uns zum gro\u00dfen Teil aus Geld- und Sachspenden sowie Sponsorings. <strong>Geldspenden <\/strong>\u00fcberweisen Sie bitte direkt an das unten genannte Konto. Falls Sie uns mit <strong>Sachspenden <\/strong>unterst\u00fctzen wollen oder Interesse an einem <strong>Sponsoring <\/strong>besteht, <a href=\"mailto:kontakt@er-ig.de\" data-type=\"mailto\" data-id=\"mailto:kontakt@er-ig.de\">kontaktieren Sie uns bitte direkt<\/a>. Bei Betr\u00e4gen \u00fcber 300\u20ac stellen wir selbstverst\u00e4ndlich eine Spendenquittung aus. <\/p>\n\n\n\n<div class=\"wp-block-columns has-background is-layout-flex wp-container-core-columns-is-layout-5b3116c9 wp-block-columns-is-layout-flex\" style=\"border-radius:10px;background-color:#00000030;padding-top:var(--wp--preset--spacing--large);padding-right:var(--wp--preset--spacing--large);padding-bottom:var(--wp--preset--spacing--large);padding-left:var(--wp--preset--spacing--large)\">\n<div class=\"wp-block-column is-vertically-aligned-center is-layout-flow wp-block-column-is-layout-flow\" style=\"flex-basis:50%\">\n<h2 class=\"wp-block-heading\">Unser Spenden\u00adkonto:<\/h2>\n\n\n\n<p class=\"has-text-align-left\">Braunschweigische Landessparkasse<br>IBAN: <strong>DE42 2505 0000 0000 1199 09<\/strong><br>BIC: NOLADE2HXXX<br><br>Verwendungszweck: &#8222;Spende&#8220; + Ihr Name<\/p>\n<\/div>\n\n\n\n<div class=\"wp-block-column is-vertically-aligned-center is-layout-flow wp-block-column-is-layout-flow\" style=\"flex-basis:50%\">\n<figure data-wp-context=\"{&quot;imageId&quot;:&quot;69d66935b1de7&quot;}\" data-wp-interactive=\"core\/image\" data-wp-key=\"69d66935b1de7\" class=\"wp-block-image size-full has-custom-border wp-lightbox-container\"><img loading=\"lazy\" decoding=\"async\" width=\"2560\" height=\"1707\" data-wp-class--hide=\"state.isContentHidden\" data-wp-class--show=\"state.isContentVisible\" data-wp-init=\"callbacks.setButtonStyles\" data-wp-on--click=\"actions.showLightbox\" data-wp-on--load=\"callbacks.setButtonStyles\" data-wp-on-window--resize=\"callbacks.setButtonStyles\" src=\"https:\/\/er-ig.de\/cms\/wp-content\/uploads\/2024\/02\/20240203-ERIG-Starttag-46-scaled.jpg\" alt=\"\" class=\"wp-image-1017\" style=\"border-radius:10px;aspect-ratio:16\/9;object-fit:cover\" srcset=\"https:\/\/er-ig.de\/cms\/wp-content\/uploads\/2024\/02\/20240203-ERIG-Starttag-46-scaled.jpg 2560w, https:\/\/er-ig.de\/cms\/wp-content\/uploads\/2024\/02\/20240203-ERIG-Starttag-46-300x200.jpg 300w, https:\/\/er-ig.de\/cms\/wp-content\/uploads\/2024\/02\/20240203-ERIG-Starttag-46-1024x683.jpg 1024w, https:\/\/er-ig.de\/cms\/wp-content\/uploads\/2024\/02\/20240203-ERIG-Starttag-46-768x512.jpg 768w, https:\/\/er-ig.de\/cms\/wp-content\/uploads\/2024\/02\/20240203-ERIG-Starttag-46-1536x1024.jpg 1536w, https:\/\/er-ig.de\/cms\/wp-content\/uploads\/2024\/02\/20240203-ERIG-Starttag-46-2048x1365.jpg 2048w\" sizes=\"auto, (max-width: 2560px) 100vw, 2560px\" \/><button\n\t\t\tclass=\"lightbox-trigger\"\n\t\t\ttype=\"button\"\n\t\t\taria-haspopup=\"dialog\"\n\t\t\taria-label=\"Vergr\u00f6\u00dfern\"\n\t\t\tdata-wp-init=\"callbacks.initTriggerButton\"\n\t\t\tdata-wp-on--click=\"actions.showLightbox\"\n\t\t\tdata-wp-style--right=\"state.imageButtonRight\"\n\t\t\tdata-wp-style--top=\"state.imageButtonTop\"\n\t\t>\n\t\t\t<svg xmlns=\"http:\/\/www.w3.org\/2000\/svg\" width=\"12\" height=\"12\" fill=\"none\" viewBox=\"0 0 12 12\">\n\t\t\t\t<path fill=\"#fff\" d=\"M2 0a2 2 0 0 0-2 2v2h1.5V2a.5.5 0 0 1 .5-.5h2V0H2Zm2 10.5H2a.5.5 0 0 1-.5-.5V8H0v2a2 2 0 0 0 2 2h2v-1.5ZM8 12v-1.5h2a.5.5 0 0 0 .5-.5V8H12v2a2 2 0 0 1-2 2H8Zm2-12a2 2 0 0 1 2 2v2h-1.5V2a.5.5 0 0 0-.5-.5H8V0h2Z\" \/>\n\t\t\t<\/svg>\n\t\t<\/button><\/figure>\n<\/div>\n<\/div>\n\n\n\n<div class=\"wp-block-columns has-background is-layout-flex wp-container-core-columns-is-layout-56afa788 wp-block-columns-is-layout-flex\" style=\"border-radius:10px;background-color:#00000030;margin-top:var(--wp--preset--spacing--medium);margin-bottom:var(--wp--preset--spacing--medium);padding-top:var(--wp--preset--spacing--large);padding-right:var(--wp--preset--spacing--large);padding-bottom:var(--wp--preset--spacing--large);padding-left:var(--wp--preset--spacing--large)\">\n<div class=\"wp-block-column is-vertically-aligned-center is-layout-flow wp-block-column-is-layout-flow\" style=\"flex-basis:50%\">\n<figure data-wp-context=\"{&quot;imageId&quot;:&quot;69d66935b224c&quot;}\" data-wp-interactive=\"core\/image\" data-wp-key=\"69d66935b224c\" class=\"wp-block-image size-full has-custom-border wp-lightbox-container\"><img loading=\"lazy\" decoding=\"async\" width=\"2048\" height=\"1364\" data-wp-class--hide=\"state.isContentHidden\" data-wp-class--show=\"state.isContentVisible\" data-wp-init=\"callbacks.setButtonStyles\" data-wp-on--click=\"actions.showLightbox\" data-wp-on--load=\"callbacks.setButtonStyles\" data-wp-on-window--resize=\"callbacks.setButtonStyles\" src=\"https:\/\/er-ig.de\/cms\/wp-content\/uploads\/2025\/03\/20240908_KSAF_AGH_ERC_MTalar_021.jpg\" alt=\"\" class=\"wp-image-1640\" style=\"border-radius:10px;aspect-ratio:16\/9;object-fit:cover\" srcset=\"https:\/\/er-ig.de\/cms\/wp-content\/uploads\/2025\/03\/20240908_KSAF_AGH_ERC_MTalar_021.jpg 2048w, https:\/\/er-ig.de\/cms\/wp-content\/uploads\/2025\/03\/20240908_KSAF_AGH_ERC_MTalar_021-300x200.jpg 300w, https:\/\/er-ig.de\/cms\/wp-content\/uploads\/2025\/03\/20240908_KSAF_AGH_ERC_MTalar_021-1024x682.jpg 1024w, https:\/\/er-ig.de\/cms\/wp-content\/uploads\/2025\/03\/20240908_KSAF_AGH_ERC_MTalar_021-768x512.jpg 768w, https:\/\/er-ig.de\/cms\/wp-content\/uploads\/2025\/03\/20240908_KSAF_AGH_ERC_MTalar_021-1536x1023.jpg 1536w\" sizes=\"auto, (max-width: 2048px) 100vw, 2048px\" \/><button\n\t\t\tclass=\"lightbox-trigger\"\n\t\t\ttype=\"button\"\n\t\t\taria-haspopup=\"dialog\"\n\t\t\taria-label=\"Vergr\u00f6\u00dfern\"\n\t\t\tdata-wp-init=\"callbacks.initTriggerButton\"\n\t\t\tdata-wp-on--click=\"actions.showLightbox\"\n\t\t\tdata-wp-style--right=\"state.imageButtonRight\"\n\t\t\tdata-wp-style--top=\"state.imageButtonTop\"\n\t\t>\n\t\t\t<svg xmlns=\"http:\/\/www.w3.org\/2000\/svg\" width=\"12\" height=\"12\" fill=\"none\" viewBox=\"0 0 12 12\">\n\t\t\t\t<path fill=\"#fff\" d=\"M2 0a2 2 0 0 0-2 2v2h1.5V2a.5.5 0 0 1 .5-.5h2V0H2Zm2 10.5H2a.5.5 0 0 1-.5-.5V8H0v2a2 2 0 0 0 2 2h2v-1.5ZM8 12v-1.5h2a.5.5 0 0 0 .5-.5V8H12v2a2 2 0 0 1-2 2H8Zm2-12a2 2 0 0 1 2 2v2h-1.5V2a.5.5 0 0 0-.5-.5H8V0h2Z\" \/>\n\t\t\t<\/svg>\n\t\t<\/button><\/figure>\n<\/div>\n\n\n\n<div class=\"wp-block-column is-vertically-aligned-center is-layout-flow wp-container-core-column-is-layout-470e7e12 wp-block-column-is-layout-flow\" style=\"padding-top:0;padding-right:0;padding-bottom:0;padding-left:0;flex-basis:50%\">\n<blockquote class=\"wp-block-quote donation-quote is-style-default is-layout-flow wp-block-quote-is-layout-flow\" style=\"font-style:normal;font-weight:300\">\n<p><em>\u201eMit Ihrer Zuwendung unterst\u00fctzen Sie <strong>direkt<\/strong> die fachliche Ausbildung unserer Mitglieder und erm\u00f6glichen uns <strong>unvergessliche Momente<\/strong> im Studium, fernab des H\u00f6rsaals. Wir <strong>danken Ihnen <\/strong>herzlich f\u00fcr Ihre Unterst\u00fctzung!\u201d<\/em><\/p>\n<\/blockquote>\n<\/div>\n<\/div>\n","protected":false},"excerpt":{"rendered":"<p>Als eingetragener gemeinn\u00fctziger Verein finanzieren wir uns zum gro\u00dfen Teil aus Geld- und Sachspenden sowie Sponsorings. Geldspenden \u00fcberweisen Sie bitte direkt an das unten genannte Konto. Falls Sie uns mit Sachspenden unterst\u00fctzen wollen oder Interesse an einem Sponsoring besteht, kontaktieren Sie uns bitte direkt. Bei Betr\u00e4gen \u00fcber 300\u20ac stellen wir selbstverst\u00e4ndlich eine Spendenquittung aus. Unser [&hellip;]<\/p>\n","protected":false},"author":1,"featured_media":0,"parent":0,"menu_order":0,"comment_status":"closed","ping_status":"closed","template":"","meta":{"footnotes":""},"class_list":["post-447","page","type-page","status-publish","hentry"],"yoast_head":"<!-- This site is optimized with the Yoast SEO plugin v27.1.1 - https:\/\/yoast.com\/product\/yoast-seo-wordpress\/ -->\n<title>Spenden &#8211; ERIG e.V.<\/title>\n<meta name=\"robots\" content=\"index, follow, max-snippet:-1, max-image-preview:large, max-video-preview:-1\" \/>\n<link rel=\"canonical\" href=\"https:\/\/er-ig.de\/cms\/spenden\/\" \/>\n<meta property=\"og:locale\" content=\"de_DE\" \/>\n<meta property=\"og:type\" content=\"article\" \/>\n<meta property=\"og:title\" content=\"Spenden &#8211; ERIG e.V.\" \/>\n<meta property=\"og:description\" content=\"Als eingetragener gemeinn\u00fctziger Verein finanzieren wir uns zum gro\u00dfen Teil aus Geld- und Sachspenden sowie Sponsorings. Geldspenden \u00fcberweisen Sie bitte direkt an das unten genannte Konto. Falls Sie uns mit Sachspenden unterst\u00fctzen wollen oder Interesse an einem Sponsoring besteht, kontaktieren Sie uns bitte direkt. Bei Betr\u00e4gen \u00fcber 300\u20ac stellen wir selbstverst\u00e4ndlich eine Spendenquittung aus. Unser [&hellip;]\" \/>\n<meta property=\"og:url\" content=\"https:\/\/er-ig.de\/cms\/spenden\/\" \/>\n<meta property=\"og:site_name\" content=\"ERIG e.V.\" \/>\n<meta property=\"article:modified_time\" content=\"2025-03-10T17:07:36+00:00\" \/>\n<meta property=\"og:image\" content=\"https:\/\/er-ig.de\/cms\/wp-content\/uploads\/2024\/02\/20240203-ERIG-Starttag-46-scaled.jpg\" \/>\n<meta name=\"twitter:card\" content=\"summary_large_image\" \/>\n<meta name=\"twitter:label1\" content=\"Gesch\u00e4tzte Lesezeit\" \/>\n\t<meta name=\"twitter:data1\" content=\"1\u00a0Minute\" \/>\n<script type=\"application\/ld+json\" class=\"yoast-schema-graph\">{\"@context\":\"https:\/\/schema.org\",\"@graph\":[{\"@type\":\"WebPage\",\"@id\":\"https:\/\/er-ig.de\/cms\/spenden\/\",\"url\":\"https:\/\/er-ig.de\/cms\/spenden\/\",\"name\":\"Spenden &#8211; ERIG e.V.\",\"isPartOf\":{\"@id\":\"https:\/\/er-ig.de\/cms\/#website\"},\"primaryImageOfPage\":{\"@id\":\"https:\/\/er-ig.de\/cms\/spenden\/#primaryimage\"},\"image\":{\"@id\":\"https:\/\/er-ig.de\/cms\/spenden\/#primaryimage\"},\"thumbnailUrl\":\"https:\/\/er-ig.de\/cms\/wp-content\/uploads\/2024\/02\/20240203-ERIG-Starttag-46-scaled.jpg\",\"datePublished\":\"2023-11-18T00:05:32+00:00\",\"dateModified\":\"2025-03-10T17:07:36+00:00\",\"inLanguage\":\"de\",\"potentialAction\":[{\"@type\":\"ReadAction\",\"target\":[\"https:\/\/er-ig.de\/cms\/spenden\/\"]}]},{\"@type\":\"ImageObject\",\"inLanguage\":\"de\",\"@id\":\"https:\/\/er-ig.de\/cms\/spenden\/#primaryimage\",\"url\":\"https:\/\/er-ig.de\/cms\/wp-content\/uploads\/2024\/02\/20240203-ERIG-Starttag-46-scaled.jpg\",\"contentUrl\":\"https:\/\/er-ig.de\/cms\/wp-content\/uploads\/2024\/02\/20240203-ERIG-Starttag-46-scaled.jpg\",\"width\":2560,\"height\":1707},{\"@type\":\"WebSite\",\"@id\":\"https:\/\/er-ig.de\/cms\/#website\",\"url\":\"https:\/\/er-ig.de\/cms\/\",\"name\":\"ERIG e.V.\",\"description\":\"\",\"publisher\":{\"@id\":\"https:\/\/er-ig.de\/cms\/#organization\"},\"potentialAction\":[{\"@type\":\"SearchAction\",\"target\":{\"@type\":\"EntryPoint\",\"urlTemplate\":\"https:\/\/er-ig.de\/cms\/?s={search_term_string}\"},\"query-input\":{\"@type\":\"PropertyValueSpecification\",\"valueRequired\":true,\"valueName\":\"search_term_string\"}}],\"inLanguage\":\"de\"},{\"@type\":\"Organization\",\"@id\":\"https:\/\/er-ig.de\/cms\/#organization\",\"name\":\"ERIG e.V.\",\"url\":\"https:\/\/er-ig.de\/cms\/\",\"logo\":{\"@type\":\"ImageObject\",\"inLanguage\":\"de\",\"@id\":\"https:\/\/er-ig.de\/cms\/#\/schema\/logo\/image\/\",\"url\":\"https:\/\/er-ig.de\/cms\/wp-content\/uploads\/2023\/11\/ERIG_Farben_RGB_01.png\",\"contentUrl\":\"https:\/\/er-ig.de\/cms\/wp-content\/uploads\/2023\/11\/ERIG_Farben_RGB_01.png\",\"width\":1995,\"height\":561,\"caption\":\"ERIG e.V.\"},\"image\":{\"@id\":\"https:\/\/er-ig.de\/cms\/#\/schema\/logo\/image\/\"}}]}<\/script>\n<!-- \/ Yoast SEO plugin. -->","yoast_head_json":{"title":"Spenden &#8211; ERIG e.V.","robots":{"index":"index","follow":"follow","max-snippet":"max-snippet:-1","max-image-preview":"max-image-preview:large","max-video-preview":"max-video-preview:-1"},"canonical":"https:\/\/er-ig.de\/cms\/spenden\/","og_locale":"de_DE","og_type":"article","og_title":"Spenden &#8211; ERIG e.V.","og_description":"Als eingetragener gemeinn\u00fctziger Verein finanzieren wir uns zum gro\u00dfen Teil aus Geld- und Sachspenden sowie Sponsorings. Geldspenden \u00fcberweisen Sie bitte direkt an das unten genannte Konto. Falls Sie uns mit Sachspenden unterst\u00fctzen wollen oder Interesse an einem Sponsoring besteht, kontaktieren Sie uns bitte direkt. Bei Betr\u00e4gen \u00fcber 300\u20ac stellen wir selbstverst\u00e4ndlich eine Spendenquittung aus. Unser [&hellip;]","og_url":"https:\/\/er-ig.de\/cms\/spenden\/","og_site_name":"ERIG e.V.","article_modified_time":"2025-03-10T17:07:36+00:00","og_image":[{"url":"https:\/\/er-ig.de\/cms\/wp-content\/uploads\/2024\/02\/20240203-ERIG-Starttag-46-scaled.jpg","type":"","width":"","height":""}],"twitter_card":"summary_large_image","twitter_misc":{"Gesch\u00e4tzte Lesezeit":"1\u00a0Minute"},"schema":{"@context":"https:\/\/schema.org","@graph":[{"@type":"WebPage","@id":"https:\/\/er-ig.de\/cms\/spenden\/","url":"https:\/\/er-ig.de\/cms\/spenden\/","name":"Spenden &#8211; ERIG e.V.","isPartOf":{"@id":"https:\/\/er-ig.de\/cms\/#website"},"primaryImageOfPage":{"@id":"https:\/\/er-ig.de\/cms\/spenden\/#primaryimage"},"image":{"@id":"https:\/\/er-ig.de\/cms\/spenden\/#primaryimage"},"thumbnailUrl":"https:\/\/er-ig.de\/cms\/wp-content\/uploads\/2024\/02\/20240203-ERIG-Starttag-46-scaled.jpg","datePublished":"2023-11-18T00:05:32+00:00","dateModified":"2025-03-10T17:07:36+00:00","inLanguage":"de","potentialAction":[{"@type":"ReadAction","target":["https:\/\/er-ig.de\/cms\/spenden\/"]}]},{"@type":"ImageObject","inLanguage":"de","@id":"https:\/\/er-ig.de\/cms\/spenden\/#primaryimage","url":"https:\/\/er-ig.de\/cms\/wp-content\/uploads\/2024\/02\/20240203-ERIG-Starttag-46-scaled.jpg","contentUrl":"https:\/\/er-ig.de\/cms\/wp-content\/uploads\/2024\/02\/20240203-ERIG-Starttag-46-scaled.jpg","width":2560,"height":1707},{"@type":"WebSite","@id":"https:\/\/er-ig.de\/cms\/#website","url":"https:\/\/er-ig.de\/cms\/","name":"ERIG e.V.","description":"","publisher":{"@id":"https:\/\/er-ig.de\/cms\/#organization"},"potentialAction":[{"@type":"SearchAction","target":{"@type":"EntryPoint","urlTemplate":"https:\/\/er-ig.de\/cms\/?s={search_term_string}"},"query-input":{"@type":"PropertyValueSpecification","valueRequired":true,"valueName":"search_term_string"}}],"inLanguage":"de"},{"@type":"Organization","@id":"https:\/\/er-ig.de\/cms\/#organization","name":"ERIG e.V.","url":"https:\/\/er-ig.de\/cms\/","logo":{"@type":"ImageObject","inLanguage":"de","@id":"https:\/\/er-ig.de\/cms\/#\/schema\/logo\/image\/","url":"https:\/\/er-ig.de\/cms\/wp-content\/uploads\/2023\/11\/ERIG_Farben_RGB_01.png","contentUrl":"https:\/\/er-ig.de\/cms\/wp-content\/uploads\/2023\/11\/ERIG_Farben_RGB_01.png","width":1995,"height":561,"caption":"ERIG e.V."},"image":{"@id":"https:\/\/er-ig.de\/cms\/#\/schema\/logo\/image\/"}}]}},"_links":{"self":[{"href":"https:\/\/er-ig.de\/cms\/wp-json\/wp\/v2\/pages\/447","targetHints":{"allow":["GET"]}}],"collection":[{"href":"https:\/\/er-ig.de\/cms\/wp-json\/wp\/v2\/pages"}],"about":[{"href":"https:\/\/er-ig.de\/cms\/wp-json\/wp\/v2\/types\/page"}],"author":[{"embeddable":true,"href":"https:\/\/er-ig.de\/cms\/wp-json\/wp\/v2\/users\/1"}],"replies":[{"embeddable":true,"href":"https:\/\/er-ig.de\/cms\/wp-json\/wp\/v2\/comments?post=447"}],"version-history":[{"count":40,"href":"https:\/\/er-ig.de\/cms\/wp-json\/wp\/v2\/pages\/447\/revisions"}],"predecessor-version":[{"id":1642,"href":"https:\/\/er-ig.de\/cms\/wp-json\/wp\/v2\/pages\/447\/revisions\/1642"}],"wp:attachment":[{"href":"https:\/\/er-ig.de\/cms\/wp-json\/wp\/v2\/media?parent=447"}],"curies":[{"name":"wp","href":"https:\/\/api.w.org\/{rel}","templated":true}]}}