{"id":201,"date":"2023-11-16T01:40:15","date_gmt":"2023-11-16T00:40:15","guid":{"rendered":"http:\/\/localhost\/?page_id=201"},"modified":"2024-07-04T23:27:47","modified_gmt":"2024-07-04T21:27:47","slug":"p2-schein","status":"publish","type":"page","link":"https:\/\/er-ig.de\/cms\/p2-schein\/","title":{"rendered":"P2-Schein (\u00a727 SprengG)"},"content":{"rendered":"\n<figure data-wp-context=\"{&quot;imageId&quot;:&quot;69da90b49571b&quot;}\" data-wp-interactive=\"core\/image\" data-wp-key=\"69da90b49571b\" class=\"wp-block-image alignleft size-full is-resized has-custom-border wp-lightbox-container\"><img loading=\"lazy\" decoding=\"async\" width=\"2560\" height=\"1440\" data-wp-class--hide=\"state.isContentHidden\" data-wp-class--show=\"state.isContentVisible\" data-wp-init=\"callbacks.setButtonStyles\" data-wp-on--click=\"actions.showLightbox\" data-wp-on--load=\"callbacks.setButtonStyles\" data-wp-on-window--resize=\"callbacks.setButtonStyles\" src=\"https:\/\/er-ig.de\/cms\/wp-content\/uploads\/2023\/11\/56M5715-edited-scaled.jpeg\" alt=\"\" class=\"wp-image-589\" style=\"border-radius:10px;width:537px;height:auto\" srcset=\"https:\/\/er-ig.de\/cms\/wp-content\/uploads\/2023\/11\/56M5715-edited-scaled.jpeg 2560w, https:\/\/er-ig.de\/cms\/wp-content\/uploads\/2023\/11\/56M5715-edited-300x169.jpeg 300w, https:\/\/er-ig.de\/cms\/wp-content\/uploads\/2023\/11\/56M5715-edited-1024x576.jpeg 1024w, https:\/\/er-ig.de\/cms\/wp-content\/uploads\/2023\/11\/56M5715-edited-768x432.jpeg 768w, https:\/\/er-ig.de\/cms\/wp-content\/uploads\/2023\/11\/56M5715-edited-1536x864.jpeg 1536w, https:\/\/er-ig.de\/cms\/wp-content\/uploads\/2023\/11\/56M5715-edited-2048x1152.jpeg 2048w\" sizes=\"auto, (max-width: 2560px) 100vw, 2560px\" \/><button\n\t\t\tclass=\"lightbox-trigger\"\n\t\t\ttype=\"button\"\n\t\t\taria-haspopup=\"dialog\"\n\t\t\taria-label=\"Vergr\u00f6\u00dfern\"\n\t\t\tdata-wp-init=\"callbacks.initTriggerButton\"\n\t\t\tdata-wp-on--click=\"actions.showLightbox\"\n\t\t\tdata-wp-style--right=\"state.imageButtonRight\"\n\t\t\tdata-wp-style--top=\"state.imageButtonTop\"\n\t\t>\n\t\t\t<svg xmlns=\"http:\/\/www.w3.org\/2000\/svg\" width=\"12\" height=\"12\" fill=\"none\" viewBox=\"0 0 12 12\">\n\t\t\t\t<path fill=\"#fff\" d=\"M2 0a2 2 0 0 0-2 2v2h1.5V2a.5.5 0 0 1 .5-.5h2V0H2Zm2 10.5H2a.5.5 0 0 1-.5-.5V8H0v2a2 2 0 0 0 2 2h2v-1.5ZM8 12v-1.5h2a.5.5 0 0 0 .5-.5V8H12v2a2 2 0 0 1-2 2H8Zm2-12a2 2 0 0 1 2 2v2h-1.5V2a.5.5 0 0 0-.5-.5H8V0h2Z\" \/>\n\t\t\t<\/svg>\n\t\t<\/button><figcaption class=\"wp-element-caption\"><em>Unsere Experimentalrakete Phoebe fliegt mit einem nach \u00a727 SprengG erlaubnispflichtigen Antrieb.<\/em><\/figcaption><\/figure>\n\n\n\n<p>In Deutschland ist der Umgang mit explosionsgef\u00e4hrlichen Stoffen, dazu z\u00e4hlen auch Raketenmodellantriebe, streng geregelt. Die umgangssprachlich &#8222;P2-Schein&#8220; genannte Erlaubnis nach \u00a727 SprengG ist die Voraussetzung, um mit Motoren \u00fcber 20 g Treibstoffmasse, geb\u00fcndelten Antrieben und Mehrstufenantrieben umgehen zu d\u00fcrfen. Die Teilnahme an einem Lehrgang zur Erlangung der Fachkunde ist wiederum eine von mehreren Voraussetzungen f\u00fcr die Erlaubnis.<\/p>\n\n\n\n<p>Die ERIG ist seit Herbst 2006 staatlich anerkannter Lehrgangstr\u00e4ger und hat im Januar 2007 den ersten Fachkundelehrgang durchgef\u00fchrt. Der Kurs fand damals an einem verl\u00e4ngerten Wochenende statt und endete mit einer Pr\u00fcfung unter beh\u00f6rdlicher Aufsicht. Der Lehrgang war ein voller Erfolg. Stand 2024 arbeiten wir daran, in Zukunft wieder Kurse durchf\u00fchren zu k\u00f6nnen.<\/p>\n\n\n\n<figure data-wp-context=\"{&quot;imageId&quot;:&quot;69da90b495a59&quot;}\" data-wp-interactive=\"core\/image\" data-wp-key=\"69da90b495a59\" class=\"wp-block-image alignright size-full is-resized has-custom-border wp-lightbox-container\"><img loading=\"lazy\" decoding=\"async\" width=\"1796\" height=\"2560\" data-wp-class--hide=\"state.isContentHidden\" data-wp-class--show=\"state.isContentVisible\" data-wp-init=\"callbacks.setButtonStyles\" data-wp-on--click=\"actions.showLightbox\" data-wp-on--load=\"callbacks.setButtonStyles\" data-wp-on-window--resize=\"callbacks.setButtonStyles\" src=\"https:\/\/er-ig.de\/cms\/wp-content\/uploads\/2024\/02\/20240203-ERIG-Starttag-31-scaled.jpg\" alt=\"\" class=\"wp-image-1022\" style=\"border-radius:10px;width:374px;height:auto\" srcset=\"https:\/\/er-ig.de\/cms\/wp-content\/uploads\/2024\/02\/20240203-ERIG-Starttag-31-scaled.jpg 1796w, https:\/\/er-ig.de\/cms\/wp-content\/uploads\/2024\/02\/20240203-ERIG-Starttag-31-210x300.jpg 210w, https:\/\/er-ig.de\/cms\/wp-content\/uploads\/2024\/02\/20240203-ERIG-Starttag-31-718x1024.jpg 718w, https:\/\/er-ig.de\/cms\/wp-content\/uploads\/2024\/02\/20240203-ERIG-Starttag-31-768x1095.jpg 768w, https:\/\/er-ig.de\/cms\/wp-content\/uploads\/2024\/02\/20240203-ERIG-Starttag-31-1078x1536.jpg 1078w, https:\/\/er-ig.de\/cms\/wp-content\/uploads\/2024\/02\/20240203-ERIG-Starttag-31-1437x2048.jpg 1437w\" sizes=\"auto, (max-width: 1796px) 100vw, 1796px\" \/><button\n\t\t\tclass=\"lightbox-trigger\"\n\t\t\ttype=\"button\"\n\t\t\taria-haspopup=\"dialog\"\n\t\t\taria-label=\"Vergr\u00f6\u00dfern\"\n\t\t\tdata-wp-init=\"callbacks.initTriggerButton\"\n\t\t\tdata-wp-on--click=\"actions.showLightbox\"\n\t\t\tdata-wp-style--right=\"state.imageButtonRight\"\n\t\t\tdata-wp-style--top=\"state.imageButtonTop\"\n\t\t>\n\t\t\t<svg xmlns=\"http:\/\/www.w3.org\/2000\/svg\" width=\"12\" height=\"12\" fill=\"none\" viewBox=\"0 0 12 12\">\n\t\t\t\t<path fill=\"#fff\" d=\"M2 0a2 2 0 0 0-2 2v2h1.5V2a.5.5 0 0 1 .5-.5h2V0H2Zm2 10.5H2a.5.5 0 0 1-.5-.5V8H0v2a2 2 0 0 0 2 2h2v-1.5ZM8 12v-1.5h2a.5.5 0 0 0 .5-.5V8H12v2a2 2 0 0 1-2 2H8Zm2-12a2 2 0 0 1 2 2v2h-1.5V2a.5.5 0 0 0-.5-.5H8V0h2Z\" \/>\n\t\t\t<\/svg>\n\t\t<\/button><figcaption class=\"wp-element-caption\"><em>F\u00fcr den Start einer erlaubnispflichtigen Rakete ist die Anwesenheit einer verantwortlichen Person mit &#8222;P2-Schein&#8220; unerl\u00e4sslich.<\/em><\/figcaption><\/figure>\n\n\n\n<p>Inhalt des Fachkundelehrgangs sind:<\/p>\n\n\n\n<ul class=\"wp-block-list\">\n<li>die gesetzlichen Grundlagen und Voraussetzungen, die der Erlaubnisinhaber mitbringen muss<\/li>\n\n\n\n<li>Aufbewahrungs- und Transportbestimmungen f\u00fcr explosionsgef\u00e4hrliche Stoffe<\/li>\n\n\n\n<li>spezielle Aspekte des Luftrechts<\/li>\n\n\n\n<li>Umgang mit Raketenmodellantrieben und den zugeh\u00f6rigen Anz\u00fcndmitteln<\/li>\n<\/ul>\n\n\n\n<p>Der Lehrgang endet mit einer schriftlichen und m\u00fcndlichen Pr\u00fcfung und einem Pr\u00fcfungsflug mit einer selbstgebauten Rakete mit erlaubnispflichtigem Antrieb.<\/p>\n\n\n\n<p>Der Lehrgang ist nicht mit der Levelzertifizierung nach NAR oder Tripoli zu vergleichen. Diese haben nur innerhalb der Raketenmodellsportvereine Relevanz und gelten nicht im Aufgabenbereich des Sprengstoffgesetzes.<\/p>\n\n\n\n<p><strong>Bei Fragen zum Thema Fachkundelehrgang zur Erlaubnis nach \u00a7 27 SprengG kontaktiere uns bitte.<\/strong><\/p>\n","protected":false},"excerpt":{"rendered":"<p>In Deutschland ist der Umgang mit explosionsgef\u00e4hrlichen Stoffen, dazu z\u00e4hlen auch Raketenmodellantriebe, streng geregelt. Die umgangssprachlich &#8222;P2-Schein&#8220; genannte Erlaubnis nach \u00a727 SprengG ist die Voraussetzung, um mit Motoren \u00fcber 20 g Treibstoffmasse, geb\u00fcndelten Antrieben und Mehrstufenantrieben umgehen zu d\u00fcrfen. Die Teilnahme an einem Lehrgang zur Erlangung der Fachkunde ist wiederum eine von mehreren Voraussetzungen f\u00fcr [&hellip;]<\/p>\n","protected":false},"author":1,"featured_media":0,"parent":0,"menu_order":0,"comment_status":"closed","ping_status":"closed","template":"","meta":{"footnotes":""},"class_list":["post-201","page","type-page","status-publish","hentry"],"yoast_head":"<!-- This site is optimized with the Yoast SEO plugin v27.1.1 - https:\/\/yoast.com\/product\/yoast-seo-wordpress\/ -->\n<title>P2-Schein (\u00a727 SprengG) &#8211; ERIG e.V.<\/title>\n<meta name=\"robots\" content=\"index, follow, max-snippet:-1, max-image-preview:large, max-video-preview:-1\" \/>\n<link rel=\"canonical\" href=\"http:\/\/er-ig.de\/cms\/p2-schein\/\" \/>\n<meta property=\"og:locale\" content=\"de_DE\" \/>\n<meta property=\"og:type\" content=\"article\" \/>\n<meta property=\"og:title\" content=\"P2-Schein (\u00a727 SprengG) &#8211; ERIG e.V.\" \/>\n<meta property=\"og:description\" content=\"In Deutschland ist der Umgang mit explosionsgef\u00e4hrlichen Stoffen, dazu z\u00e4hlen auch Raketenmodellantriebe, streng geregelt. Die umgangssprachlich &#8222;P2-Schein&#8220; genannte Erlaubnis nach \u00a727 SprengG ist die Voraussetzung, um mit Motoren \u00fcber 20 g Treibstoffmasse, geb\u00fcndelten Antrieben und Mehrstufenantrieben umgehen zu d\u00fcrfen. Die Teilnahme an einem Lehrgang zur Erlangung der Fachkunde ist wiederum eine von mehreren Voraussetzungen f\u00fcr [&hellip;]\" \/>\n<meta property=\"og:url\" content=\"http:\/\/er-ig.de\/cms\/p2-schein\/\" \/>\n<meta property=\"og:site_name\" content=\"ERIG e.V.\" \/>\n<meta property=\"article:modified_time\" content=\"2024-07-04T21:27:47+00:00\" \/>\n<meta property=\"og:image\" content=\"https:\/\/er-ig.de\/cms\/wp-content\/uploads\/2023\/11\/56M5715-edited-scaled.jpeg\" \/>\n<meta name=\"twitter:card\" content=\"summary_large_image\" \/>\n<meta name=\"twitter:label1\" content=\"Gesch\u00e4tzte Lesezeit\" \/>\n\t<meta name=\"twitter:data1\" content=\"1\u00a0Minute\" \/>\n<script type=\"application\/ld+json\" class=\"yoast-schema-graph\">{\"@context\":\"https:\/\/schema.org\",\"@graph\":[{\"@type\":\"WebPage\",\"@id\":\"http:\/\/er-ig.de\/cms\/p2-schein\/\",\"url\":\"http:\/\/er-ig.de\/cms\/p2-schein\/\",\"name\":\"P2-Schein (\u00a727 SprengG) &#8211; ERIG e.V.\",\"isPartOf\":{\"@id\":\"https:\/\/er-ig.de\/cms\/#website\"},\"primaryImageOfPage\":{\"@id\":\"http:\/\/er-ig.de\/cms\/p2-schein\/#primaryimage\"},\"image\":{\"@id\":\"http:\/\/er-ig.de\/cms\/p2-schein\/#primaryimage\"},\"thumbnailUrl\":\"https:\/\/er-ig.de\/cms\/wp-content\/uploads\/2023\/11\/56M5715-edited-scaled.jpeg\",\"datePublished\":\"2023-11-16T00:40:15+00:00\",\"dateModified\":\"2024-07-04T21:27:47+00:00\",\"inLanguage\":\"de\",\"potentialAction\":[{\"@type\":\"ReadAction\",\"target\":[\"http:\/\/er-ig.de\/cms\/p2-schein\/\"]}]},{\"@type\":\"ImageObject\",\"inLanguage\":\"de\",\"@id\":\"http:\/\/er-ig.de\/cms\/p2-schein\/#primaryimage\",\"url\":\"https:\/\/er-ig.de\/cms\/wp-content\/uploads\/2023\/11\/56M5715-edited-scaled.jpeg\",\"contentUrl\":\"https:\/\/er-ig.de\/cms\/wp-content\/uploads\/2023\/11\/56M5715-edited-scaled.jpeg\",\"width\":2560,\"height\":1440},{\"@type\":\"WebSite\",\"@id\":\"https:\/\/er-ig.de\/cms\/#website\",\"url\":\"https:\/\/er-ig.de\/cms\/\",\"name\":\"ERIG e.V.\",\"description\":\"\",\"publisher\":{\"@id\":\"https:\/\/er-ig.de\/cms\/#organization\"},\"potentialAction\":[{\"@type\":\"SearchAction\",\"target\":{\"@type\":\"EntryPoint\",\"urlTemplate\":\"https:\/\/er-ig.de\/cms\/?s={search_term_string}\"},\"query-input\":{\"@type\":\"PropertyValueSpecification\",\"valueRequired\":true,\"valueName\":\"search_term_string\"}}],\"inLanguage\":\"de\"},{\"@type\":\"Organization\",\"@id\":\"https:\/\/er-ig.de\/cms\/#organization\",\"name\":\"ERIG e.V.\",\"url\":\"https:\/\/er-ig.de\/cms\/\",\"logo\":{\"@type\":\"ImageObject\",\"inLanguage\":\"de\",\"@id\":\"https:\/\/er-ig.de\/cms\/#\/schema\/logo\/image\/\",\"url\":\"https:\/\/er-ig.de\/cms\/wp-content\/uploads\/2023\/11\/ERIG_Farben_RGB_01.png\",\"contentUrl\":\"https:\/\/er-ig.de\/cms\/wp-content\/uploads\/2023\/11\/ERIG_Farben_RGB_01.png\",\"width\":1995,\"height\":561,\"caption\":\"ERIG e.V.\"},\"image\":{\"@id\":\"https:\/\/er-ig.de\/cms\/#\/schema\/logo\/image\/\"}}]}<\/script>\n<!-- \/ Yoast SEO plugin. -->","yoast_head_json":{"title":"P2-Schein (\u00a727 SprengG) &#8211; ERIG e.V.","robots":{"index":"index","follow":"follow","max-snippet":"max-snippet:-1","max-image-preview":"max-image-preview:large","max-video-preview":"max-video-preview:-1"},"canonical":"http:\/\/er-ig.de\/cms\/p2-schein\/","og_locale":"de_DE","og_type":"article","og_title":"P2-Schein (\u00a727 SprengG) &#8211; ERIG e.V.","og_description":"In Deutschland ist der Umgang mit explosionsgef\u00e4hrlichen Stoffen, dazu z\u00e4hlen auch Raketenmodellantriebe, streng geregelt. Die umgangssprachlich &#8222;P2-Schein&#8220; genannte Erlaubnis nach \u00a727 SprengG ist die Voraussetzung, um mit Motoren \u00fcber 20 g Treibstoffmasse, geb\u00fcndelten Antrieben und Mehrstufenantrieben umgehen zu d\u00fcrfen. Die Teilnahme an einem Lehrgang zur Erlangung der Fachkunde ist wiederum eine von mehreren Voraussetzungen f\u00fcr [&hellip;]","og_url":"http:\/\/er-ig.de\/cms\/p2-schein\/","og_site_name":"ERIG e.V.","article_modified_time":"2024-07-04T21:27:47+00:00","og_image":[{"url":"https:\/\/er-ig.de\/cms\/wp-content\/uploads\/2023\/11\/56M5715-edited-scaled.jpeg","type":"","width":"","height":""}],"twitter_card":"summary_large_image","twitter_misc":{"Gesch\u00e4tzte Lesezeit":"1\u00a0Minute"},"schema":{"@context":"https:\/\/schema.org","@graph":[{"@type":"WebPage","@id":"http:\/\/er-ig.de\/cms\/p2-schein\/","url":"http:\/\/er-ig.de\/cms\/p2-schein\/","name":"P2-Schein (\u00a727 SprengG) &#8211; ERIG e.V.","isPartOf":{"@id":"https:\/\/er-ig.de\/cms\/#website"},"primaryImageOfPage":{"@id":"http:\/\/er-ig.de\/cms\/p2-schein\/#primaryimage"},"image":{"@id":"http:\/\/er-ig.de\/cms\/p2-schein\/#primaryimage"},"thumbnailUrl":"https:\/\/er-ig.de\/cms\/wp-content\/uploads\/2023\/11\/56M5715-edited-scaled.jpeg","datePublished":"2023-11-16T00:40:15+00:00","dateModified":"2024-07-04T21:27:47+00:00","inLanguage":"de","potentialAction":[{"@type":"ReadAction","target":["http:\/\/er-ig.de\/cms\/p2-schein\/"]}]},{"@type":"ImageObject","inLanguage":"de","@id":"http:\/\/er-ig.de\/cms\/p2-schein\/#primaryimage","url":"https:\/\/er-ig.de\/cms\/wp-content\/uploads\/2023\/11\/56M5715-edited-scaled.jpeg","contentUrl":"https:\/\/er-ig.de\/cms\/wp-content\/uploads\/2023\/11\/56M5715-edited-scaled.jpeg","width":2560,"height":1440},{"@type":"WebSite","@id":"https:\/\/er-ig.de\/cms\/#website","url":"https:\/\/er-ig.de\/cms\/","name":"ERIG e.V.","description":"","publisher":{"@id":"https:\/\/er-ig.de\/cms\/#organization"},"potentialAction":[{"@type":"SearchAction","target":{"@type":"EntryPoint","urlTemplate":"https:\/\/er-ig.de\/cms\/?s={search_term_string}"},"query-input":{"@type":"PropertyValueSpecification","valueRequired":true,"valueName":"search_term_string"}}],"inLanguage":"de"},{"@type":"Organization","@id":"https:\/\/er-ig.de\/cms\/#organization","name":"ERIG e.V.","url":"https:\/\/er-ig.de\/cms\/","logo":{"@type":"ImageObject","inLanguage":"de","@id":"https:\/\/er-ig.de\/cms\/#\/schema\/logo\/image\/","url":"https:\/\/er-ig.de\/cms\/wp-content\/uploads\/2023\/11\/ERIG_Farben_RGB_01.png","contentUrl":"https:\/\/er-ig.de\/cms\/wp-content\/uploads\/2023\/11\/ERIG_Farben_RGB_01.png","width":1995,"height":561,"caption":"ERIG e.V."},"image":{"@id":"https:\/\/er-ig.de\/cms\/#\/schema\/logo\/image\/"}}]}},"_links":{"self":[{"href":"https:\/\/er-ig.de\/cms\/wp-json\/wp\/v2\/pages\/201","targetHints":{"allow":["GET"]}}],"collection":[{"href":"https:\/\/er-ig.de\/cms\/wp-json\/wp\/v2\/pages"}],"about":[{"href":"https:\/\/er-ig.de\/cms\/wp-json\/wp\/v2\/types\/page"}],"author":[{"embeddable":true,"href":"https:\/\/er-ig.de\/cms\/wp-json\/wp\/v2\/users\/1"}],"replies":[{"embeddable":true,"href":"https:\/\/er-ig.de\/cms\/wp-json\/wp\/v2\/comments?post=201"}],"version-history":[{"count":11,"href":"https:\/\/er-ig.de\/cms\/wp-json\/wp\/v2\/pages\/201\/revisions"}],"predecessor-version":[{"id":1377,"href":"https:\/\/er-ig.de\/cms\/wp-json\/wp\/v2\/pages\/201\/revisions\/1377"}],"wp:attachment":[{"href":"https:\/\/er-ig.de\/cms\/wp-json\/wp\/v2\/media?parent=201"}],"curies":[{"name":"wp","href":"https:\/\/api.w.org\/{rel}","templated":true}]}}