{"id":1920,"date":"2025-05-07T00:51:19","date_gmt":"2025-05-06T22:51:19","guid":{"rendered":"https:\/\/er-ig.de\/cms\/?page_id=1920"},"modified":"2025-08-24T19:35:22","modified_gmt":"2025-08-24T17:35:22","slug":"morgenroete","status":"publish","type":"page","link":"https:\/\/er-ig.de\/cms\/morgenroete\/","title":{"rendered":"Morgenr\u00f6te"},"content":{"rendered":"\n<figure class=\"wp-block-image alignleft size-full is-resized\"><img loading=\"lazy\" decoding=\"async\" width=\"1930\" height=\"1086\" src=\"https:\/\/er-ig.de\/cms\/wp-content\/uploads\/2025\/08\/Morgenroete_Logo_Full-edited.png\" alt=\"\" class=\"wp-image-2179\" style=\"width:341px;height:auto\" srcset=\"https:\/\/er-ig.de\/cms\/wp-content\/uploads\/2025\/08\/Morgenroete_Logo_Full-edited.png 1930w, https:\/\/er-ig.de\/cms\/wp-content\/uploads\/2025\/08\/Morgenroete_Logo_Full-edited-300x169.png 300w, https:\/\/er-ig.de\/cms\/wp-content\/uploads\/2025\/08\/Morgenroete_Logo_Full-edited-1024x576.png 1024w, https:\/\/er-ig.de\/cms\/wp-content\/uploads\/2025\/08\/Morgenroete_Logo_Full-edited-768x432.png 768w, https:\/\/er-ig.de\/cms\/wp-content\/uploads\/2025\/08\/Morgenroete_Logo_Full-edited-1536x864.png 1536w\" sizes=\"auto, (max-width: 1930px) 100vw, 1930px\" \/><\/figure>\n\n\n\n<p>Die Experimentalrakete <strong>Morgenr\u00f6te<\/strong> war die direkte Weiterentwicklung der Rakete <a href=\"https:\/\/er-ig.de\/cms\/brainstorm\/\">Brainstorm<\/a> durch die Mitglieder der <a href=\"https:\/\/er-ig.de\/cms\/ag-experimentalraketen\/\">Arbeitsgruppe Experimentalraketen<\/a>.<\/p>\n\n\n\n<p>Die Morgenr\u00f6te ist Teil einer kleinen Raketenfamilie, geh\u00f6rte aber, wie viele der Raketen zur damaligen Zeit, zu keinem umspannenden Raketenprogramm.<\/p>\n\n\n\n<p>Die Morgenr\u00f6te startete sehr erfolgreich auf dem &#8222;Festival de I\u00b4Espace 2000&#8220; in Millau, Frankreich und verschaffte der ERIG damals zum ersten Mal \u00f6ffentliche Aufmerksamkeit.<\/p>\n\n\n\n<div style=\"height:0px;width:0px\" aria-hidden=\"true\" class=\"wp-block-spacer\"><\/div>\n\n\n\n<h2 class=\"wp-block-heading\">Technische Daten<\/h2>\n\n\n\n<ul class=\"wp-block-list\">\n<li>L\u00e4nge: 1900 mm<\/li>\n\n\n\n<li>Durchmesser: 103 mm<\/li>\n\n\n\n<li>Strukturmasse: 3 kg<\/li>\n\n\n\n<li>Motor: &#8222;CNES Isard&#8220;<\/li>\n\n\n\n<li>Gesamtimpuls: 1120 Ns<\/li>\n<\/ul>\n\n\n\n<h2 class=\"wp-block-heading\">Flug<\/h2>\n\n\n\n<ul class=\"wp-block-list\">\n<li>Flugh\u00f6he: 2000 m<\/li>\n\n\n\n<li>H\u00f6chstgeschwindigkeit: 800 km\/h<\/li>\n<\/ul>\n","protected":false},"excerpt":{"rendered":"<p>Die Experimentalrakete Morgenr\u00f6te war die direkte Weiterentwicklung der Rakete Brainstorm durch die Mitglieder der Arbeitsgruppe Experimentalraketen. Die Morgenr\u00f6te ist Teil einer kleinen Raketenfamilie, geh\u00f6rte aber, wie viele der Raketen zur damaligen Zeit, zu keinem umspannenden Raketenprogramm. Die Morgenr\u00f6te startete sehr erfolgreich auf dem &#8222;Festival de I\u00b4Espace 2000&#8220; in Millau, Frankreich und verschaffte der ERIG damals [&hellip;]<\/p>\n","protected":false},"author":6,"featured_media":0,"parent":0,"menu_order":0,"comment_status":"closed","ping_status":"closed","template":"","meta":{"footnotes":""},"class_list":["post-1920","page","type-page","status-publish","hentry"],"yoast_head":"<!-- This site is optimized with the Yoast SEO plugin v27.4 - https:\/\/yoast.com\/product\/yoast-seo-wordpress\/ -->\n<title>Morgenr\u00f6te &#8211; ERIG e.V.<\/title>\n<meta name=\"robots\" content=\"index, follow, max-snippet:-1, max-image-preview:large, max-video-preview:-1\" \/>\n<link rel=\"canonical\" href=\"https:\/\/er-ig.de\/cms\/morgenroete\/\" \/>\n<meta property=\"og:locale\" content=\"de_DE\" \/>\n<meta property=\"og:type\" content=\"article\" \/>\n<meta property=\"og:title\" content=\"Morgenr\u00f6te &#8211; ERIG e.V.\" \/>\n<meta property=\"og:description\" content=\"Die Experimentalrakete Morgenr\u00f6te war die direkte Weiterentwicklung der Rakete Brainstorm durch die Mitglieder der Arbeitsgruppe Experimentalraketen. Die Morgenr\u00f6te ist Teil einer kleinen Raketenfamilie, geh\u00f6rte aber, wie viele der Raketen zur damaligen Zeit, zu keinem umspannenden Raketenprogramm. Die Morgenr\u00f6te startete sehr erfolgreich auf dem &#8222;Festival de I\u00b4Espace 2000&#8220; in Millau, Frankreich und verschaffte der ERIG damals [&hellip;]\" \/>\n<meta property=\"og:url\" content=\"https:\/\/er-ig.de\/cms\/morgenroete\/\" \/>\n<meta property=\"og:site_name\" content=\"ERIG e.V.\" \/>\n<meta property=\"article:modified_time\" content=\"2025-08-24T17:35:22+00:00\" \/>\n<meta property=\"og:image\" content=\"https:\/\/er-ig.de\/cms\/wp-content\/uploads\/2025\/08\/Morgenroete_Logo_Full-edited.png\" \/>\n<meta name=\"twitter:card\" content=\"summary_large_image\" \/>\n<meta name=\"twitter:label1\" content=\"Gesch\u00e4tzte Lesezeit\" \/>\n\t<meta name=\"twitter:data1\" content=\"1\u00a0Minute\" \/>\n<script type=\"application\/ld+json\" class=\"yoast-schema-graph\">{\"@context\":\"https:\\\/\\\/schema.org\",\"@graph\":[{\"@type\":\"WebPage\",\"@id\":\"https:\\\/\\\/er-ig.de\\\/cms\\\/morgenroete\\\/\",\"url\":\"https:\\\/\\\/er-ig.de\\\/cms\\\/morgenroete\\\/\",\"name\":\"Morgenr\u00f6te &#8211; ERIG e.V.\",\"isPartOf\":{\"@id\":\"https:\\\/\\\/er-ig.de\\\/cms\\\/#website\"},\"primaryImageOfPage\":{\"@id\":\"https:\\\/\\\/er-ig.de\\\/cms\\\/morgenroete\\\/#primaryimage\"},\"image\":{\"@id\":\"https:\\\/\\\/er-ig.de\\\/cms\\\/morgenroete\\\/#primaryimage\"},\"thumbnailUrl\":\"https:\\\/\\\/er-ig.de\\\/cms\\\/wp-content\\\/uploads\\\/2025\\\/08\\\/Morgenroete_Logo_Full-edited.png\",\"datePublished\":\"2025-05-06T22:51:19+00:00\",\"dateModified\":\"2025-08-24T17:35:22+00:00\",\"inLanguage\":\"de\",\"potentialAction\":[{\"@type\":\"ReadAction\",\"target\":[\"https:\\\/\\\/er-ig.de\\\/cms\\\/morgenroete\\\/\"]}]},{\"@type\":\"ImageObject\",\"inLanguage\":\"de\",\"@id\":\"https:\\\/\\\/er-ig.de\\\/cms\\\/morgenroete\\\/#primaryimage\",\"url\":\"https:\\\/\\\/er-ig.de\\\/cms\\\/wp-content\\\/uploads\\\/2025\\\/08\\\/Morgenroete_Logo_Full-edited.png\",\"contentUrl\":\"https:\\\/\\\/er-ig.de\\\/cms\\\/wp-content\\\/uploads\\\/2025\\\/08\\\/Morgenroete_Logo_Full-edited.png\",\"width\":1930,\"height\":1086},{\"@type\":\"WebSite\",\"@id\":\"https:\\\/\\\/er-ig.de\\\/cms\\\/#website\",\"url\":\"https:\\\/\\\/er-ig.de\\\/cms\\\/\",\"name\":\"ERIG e.V.\",\"description\":\"\",\"publisher\":{\"@id\":\"https:\\\/\\\/er-ig.de\\\/cms\\\/#organization\"},\"potentialAction\":[{\"@type\":\"SearchAction\",\"target\":{\"@type\":\"EntryPoint\",\"urlTemplate\":\"https:\\\/\\\/er-ig.de\\\/cms\\\/?s={search_term_string}\"},\"query-input\":{\"@type\":\"PropertyValueSpecification\",\"valueRequired\":true,\"valueName\":\"search_term_string\"}}],\"inLanguage\":\"de\"},{\"@type\":\"Organization\",\"@id\":\"https:\\\/\\\/er-ig.de\\\/cms\\\/#organization\",\"name\":\"ERIG e.V.\",\"url\":\"https:\\\/\\\/er-ig.de\\\/cms\\\/\",\"logo\":{\"@type\":\"ImageObject\",\"inLanguage\":\"de\",\"@id\":\"https:\\\/\\\/er-ig.de\\\/cms\\\/#\\\/schema\\\/logo\\\/image\\\/\",\"url\":\"https:\\\/\\\/er-ig.de\\\/cms\\\/wp-content\\\/uploads\\\/2023\\\/11\\\/ERIG_Farben_RGB_01.png\",\"contentUrl\":\"https:\\\/\\\/er-ig.de\\\/cms\\\/wp-content\\\/uploads\\\/2023\\\/11\\\/ERIG_Farben_RGB_01.png\",\"width\":1995,\"height\":561,\"caption\":\"ERIG e.V.\"},\"image\":{\"@id\":\"https:\\\/\\\/er-ig.de\\\/cms\\\/#\\\/schema\\\/logo\\\/image\\\/\"}}]}<\/script>\n<!-- \/ Yoast SEO plugin. -->","yoast_head_json":{"title":"Morgenr\u00f6te &#8211; ERIG e.V.","robots":{"index":"index","follow":"follow","max-snippet":"max-snippet:-1","max-image-preview":"max-image-preview:large","max-video-preview":"max-video-preview:-1"},"canonical":"https:\/\/er-ig.de\/cms\/morgenroete\/","og_locale":"de_DE","og_type":"article","og_title":"Morgenr\u00f6te &#8211; ERIG e.V.","og_description":"Die Experimentalrakete Morgenr\u00f6te war die direkte Weiterentwicklung der Rakete Brainstorm durch die Mitglieder der Arbeitsgruppe Experimentalraketen. Die Morgenr\u00f6te ist Teil einer kleinen Raketenfamilie, geh\u00f6rte aber, wie viele der Raketen zur damaligen Zeit, zu keinem umspannenden Raketenprogramm. Die Morgenr\u00f6te startete sehr erfolgreich auf dem &#8222;Festival de I\u00b4Espace 2000&#8220; in Millau, Frankreich und verschaffte der ERIG damals [&hellip;]","og_url":"https:\/\/er-ig.de\/cms\/morgenroete\/","og_site_name":"ERIG e.V.","article_modified_time":"2025-08-24T17:35:22+00:00","og_image":[{"url":"https:\/\/er-ig.de\/cms\/wp-content\/uploads\/2025\/08\/Morgenroete_Logo_Full-edited.png","type":"","width":"","height":""}],"twitter_card":"summary_large_image","twitter_misc":{"Gesch\u00e4tzte Lesezeit":"1\u00a0Minute"},"schema":{"@context":"https:\/\/schema.org","@graph":[{"@type":"WebPage","@id":"https:\/\/er-ig.de\/cms\/morgenroete\/","url":"https:\/\/er-ig.de\/cms\/morgenroete\/","name":"Morgenr\u00f6te &#8211; ERIG e.V.","isPartOf":{"@id":"https:\/\/er-ig.de\/cms\/#website"},"primaryImageOfPage":{"@id":"https:\/\/er-ig.de\/cms\/morgenroete\/#primaryimage"},"image":{"@id":"https:\/\/er-ig.de\/cms\/morgenroete\/#primaryimage"},"thumbnailUrl":"https:\/\/er-ig.de\/cms\/wp-content\/uploads\/2025\/08\/Morgenroete_Logo_Full-edited.png","datePublished":"2025-05-06T22:51:19+00:00","dateModified":"2025-08-24T17:35:22+00:00","inLanguage":"de","potentialAction":[{"@type":"ReadAction","target":["https:\/\/er-ig.de\/cms\/morgenroete\/"]}]},{"@type":"ImageObject","inLanguage":"de","@id":"https:\/\/er-ig.de\/cms\/morgenroete\/#primaryimage","url":"https:\/\/er-ig.de\/cms\/wp-content\/uploads\/2025\/08\/Morgenroete_Logo_Full-edited.png","contentUrl":"https:\/\/er-ig.de\/cms\/wp-content\/uploads\/2025\/08\/Morgenroete_Logo_Full-edited.png","width":1930,"height":1086},{"@type":"WebSite","@id":"https:\/\/er-ig.de\/cms\/#website","url":"https:\/\/er-ig.de\/cms\/","name":"ERIG e.V.","description":"","publisher":{"@id":"https:\/\/er-ig.de\/cms\/#organization"},"potentialAction":[{"@type":"SearchAction","target":{"@type":"EntryPoint","urlTemplate":"https:\/\/er-ig.de\/cms\/?s={search_term_string}"},"query-input":{"@type":"PropertyValueSpecification","valueRequired":true,"valueName":"search_term_string"}}],"inLanguage":"de"},{"@type":"Organization","@id":"https:\/\/er-ig.de\/cms\/#organization","name":"ERIG e.V.","url":"https:\/\/er-ig.de\/cms\/","logo":{"@type":"ImageObject","inLanguage":"de","@id":"https:\/\/er-ig.de\/cms\/#\/schema\/logo\/image\/","url":"https:\/\/er-ig.de\/cms\/wp-content\/uploads\/2023\/11\/ERIG_Farben_RGB_01.png","contentUrl":"https:\/\/er-ig.de\/cms\/wp-content\/uploads\/2023\/11\/ERIG_Farben_RGB_01.png","width":1995,"height":561,"caption":"ERIG e.V."},"image":{"@id":"https:\/\/er-ig.de\/cms\/#\/schema\/logo\/image\/"}}]}},"_links":{"self":[{"href":"https:\/\/er-ig.de\/cms\/wp-json\/wp\/v2\/pages\/1920","targetHints":{"allow":["GET"]}}],"collection":[{"href":"https:\/\/er-ig.de\/cms\/wp-json\/wp\/v2\/pages"}],"about":[{"href":"https:\/\/er-ig.de\/cms\/wp-json\/wp\/v2\/types\/page"}],"author":[{"embeddable":true,"href":"https:\/\/er-ig.de\/cms\/wp-json\/wp\/v2\/users\/6"}],"replies":[{"embeddable":true,"href":"https:\/\/er-ig.de\/cms\/wp-json\/wp\/v2\/comments?post=1920"}],"version-history":[{"count":8,"href":"https:\/\/er-ig.de\/cms\/wp-json\/wp\/v2\/pages\/1920\/revisions"}],"predecessor-version":[{"id":2180,"href":"https:\/\/er-ig.de\/cms\/wp-json\/wp\/v2\/pages\/1920\/revisions\/2180"}],"wp:attachment":[{"href":"https:\/\/er-ig.de\/cms\/wp-json\/wp\/v2\/media?parent=1920"}],"curies":[{"name":"wp","href":"https:\/\/api.w.org\/{rel}","templated":true}]}}

Morgenröte

<figure class="wp-block-image alignleft size-full is-resized"><img loading="lazy" decoding="async" width="1930" height="1086" src="https://er-ig.de/cms/wp-content/uploads/2025/08/Morgenroete_Logo_Full-edited.png" alt="" class="wp-image-2179" style="width:341px;height:auto" srcset="https://er-ig.de/cms/wp-content/uploads/2025/08/Morgenroete_Logo_Full-edited.png 1930w, https://er-ig.de/cms/wp-content/uploads/2025/08/Morgenroete_Logo_Full-edited-300x169.png 300w, https://er-ig.de/cms/wp-content/uploads/2025/08/Morgenroete_Logo_Full-edited-1024x576.png 1024w, https://er-ig.de/cms/wp-content/uploads/2025/08/Morgenroete_Logo_Full-edited-768x432.png 768w, https://er-ig.de/cms/wp-content/uploads/2025/08/Morgenroete_Logo_Full-edited-1536x864.png 1536w" sizes="auto, (max-width: 1930px) 100vw, 1930px" /></figure>



<p>Die Experimentalrakete <strong>Morgenröte</strong> war die direkte Weiterentwicklung der Rakete <a href="https://er-ig.de/cms/brainstorm/">Brainstorm</a> durch die Mitglieder der <a href="https://er-ig.de/cms/ag-experimentalraketen/">Arbeitsgruppe Experimentalraketen</a>.</p>



<p>Die Morgenröte ist Teil einer kleinen Raketenfamilie, gehörte aber, wie viele der Raketen zur damaligen Zeit, zu keinem umspannenden Raketenprogramm.</p>



<p>Die Morgenröte startete sehr erfolgreich auf dem &#8222;Festival de I´Espace 2000&#8220; in Millau, Frankreich und verschaffte der ERIG damals zum ersten Mal öffentliche Aufmerksamkeit.</p>



<div style="height:0px;width:0px" aria-hidden="true" class="wp-block-spacer"></div>



<h2 class="wp-block-heading">Technische Daten</h2>



<ul class="wp-block-list">
<li>Länge: 1900 mm</li>



<li>Durchmesser: 103 mm</li>



<li>Strukturmasse: 3 kg</li>



<li>Motor: &#8222;CNES Isard&#8220;</li>



<li>Gesamtimpuls: 1120 Ns</li>
</ul>



<h2 class="wp-block-heading">Flug</h2>



<ul class="wp-block-list">
<li>Flughöhe: 2000 m</li>



<li>Höchstgeschwindigkeit: 800 km/h</li>
</ul>

<p>Die Experimentalrakete Morgenröte war die direkte Weiterentwicklung der Rakete Brainstorm durch die Mitglieder der Arbeitsgruppe Experimentalraketen. Die Morgenröte ist Teil einer kleinen Raketenfamilie, gehörte aber, wie viele der Raketen zur damaligen Zeit, zu keinem umspannenden Raketenprogramm. Die Morgenröte startete sehr erfolgreich auf dem &#8222;Festival de I´Espace 2000&#8220; in Millau, Frankreich und verschaffte der ERIG damals [&hellip;]</p>

<!-- This site is optimized with the Yoast SEO plugin v27.4 - https://yoast.com/product/yoast-seo-wordpress/ -->
<title>Morgenröte &#8211; ERIG e.V.</title>
<meta name="robots" content="index, follow, max-snippet:-1, max-image-preview:large, max-video-preview:-1" />
<link rel="canonical" href="https://er-ig.de/cms/morgenroete/" />
<meta property="og:locale" content="de_DE" />
<meta property="og:type" content="article" />
<meta property="og:title" content="Morgenröte &#8211; ERIG e.V." />
<meta property="og:description" content="Die Experimentalrakete Morgenröte war die direkte Weiterentwicklung der Rakete Brainstorm durch die Mitglieder der Arbeitsgruppe Experimentalraketen. Die Morgenröte ist Teil einer kleinen Raketenfamilie, gehörte aber, wie viele der Raketen zur damaligen Zeit, zu keinem umspannenden Raketenprogramm. Die Morgenröte startete sehr erfolgreich auf dem &#8222;Festival de I´Espace 2000&#8220; in Millau, Frankreich und verschaffte der ERIG damals [&hellip;]" />
<meta property="og:url" content="https://er-ig.de/cms/morgenroete/" />
<meta property="og:site_name" content="ERIG e.V." />
<meta property="article:modified_time" content="2025-08-24T17:35:22+00:00" />
<meta property="og:image" content="https://er-ig.de/cms/wp-content/uploads/2025/08/Morgenroete_Logo_Full-edited.png" />
<meta name="twitter:card" content="summary_large_image" />
<meta name="twitter:label1" content="Geschätzte Lesezeit" />
	<meta name="twitter:data1" content="1 Minute" />
<script type="application/ld+json" class="yoast-schema-graph">{"@context":"https:\/\/schema.org","@graph":[{"@type":"WebPage","@id":"https:\/\/er-ig.de\/cms\/morgenroete\/","url":"https:\/\/er-ig.de\/cms\/morgenroete\/","name":"Morgenröte &#8211; ERIG e.V.","isPartOf":{"@id":"https:\/\/er-ig.de\/cms\/#website"},"primaryImageOfPage":{"@id":"https:\/\/er-ig.de\/cms\/morgenroete\/#primaryimage"},"image":{"@id":"https:\/\/er-ig.de\/cms\/morgenroete\/#primaryimage"},"thumbnailUrl":"https:\/\/er-ig.de\/cms\/wp-content\/uploads\/2025\/08\/Morgenroete_Logo_Full-edited.png","datePublished":"2025-05-06T22:51:19+00:00","dateModified":"2025-08-24T17:35:22+00:00","inLanguage":"de","potentialAction":[{"@type":"ReadAction","target":["https:\/\/er-ig.de\/cms\/morgenroete\/"]}]},{"@type":"ImageObject","inLanguage":"de","@id":"https:\/\/er-ig.de\/cms\/morgenroete\/#primaryimage","url":"https:\/\/er-ig.de\/cms\/wp-content\/uploads\/2025\/08\/Morgenroete_Logo_Full-edited.png","contentUrl":"https:\/\/er-ig.de\/cms\/wp-content\/uploads\/2025\/08\/Morgenroete_Logo_Full-edited.png","width":1930,"height":1086},{"@type":"WebSite","@id":"https:\/\/er-ig.de\/cms\/#website","url":"https:\/\/er-ig.de\/cms\/","name":"ERIG e.V.","description":"","publisher":{"@id":"https:\/\/er-ig.de\/cms\/#organization"},"potentialAction":[{"@type":"SearchAction","target":{"@type":"EntryPoint","urlTemplate":"https:\/\/er-ig.de\/cms\/?s={search_term_string}"},"query-input":{"@type":"PropertyValueSpecification","valueRequired":true,"valueName":"search_term_string"}}],"inLanguage":"de"},{"@type":"Organization","@id":"https:\/\/er-ig.de\/cms\/#organization","name":"ERIG e.V.","url":"https:\/\/er-ig.de\/cms\/","logo":{"@type":"ImageObject","inLanguage":"de","@id":"https:\/\/er-ig.de\/cms\/#\/schema\/logo\/image\/","url":"https:\/\/er-ig.de\/cms\/wp-content\/uploads\/2023\/11\/ERIG_Farben_RGB_01.png","contentUrl":"https:\/\/er-ig.de\/cms\/wp-content\/uploads\/2023\/11\/ERIG_Farben_RGB_01.png","width":1995,"height":561,"caption":"ERIG e.V."},"image":{"@id":"https:\/\/er-ig.de\/cms\/#\/schema\/logo\/image\/"}}]}</script>
<!-- / Yoast SEO plugin. -->

Morgenröte &#8211; ERIG e.V.

Die Experimentalrakete Morgenröte war die direkte Weiterentwicklung der Rakete Brainstorm durch die Mitglieder der Arbeitsgruppe Experimentalraketen. Die Morgenröte ist Teil einer kleinen Raketenfamilie, gehörte aber, wie viele der Raketen zur damaligen Zeit, zu keinem umspannenden Raketenprogramm. Die Morgenröte startete sehr erfolgreich auf dem &#8222;Festival de I´Espace 2000&#8220; in Millau, Frankreich und verschaffte der ERIG damals [&hellip;]
