{"id":144,"date":"2023-11-12T10:41:32","date_gmt":"2023-11-12T09:41:32","guid":{"rendered":"http:\/\/localhost\/?page_id=144"},"modified":"2026-04-16T13:34:46","modified_gmt":"2026-04-16T11:34:46","slug":"mitglieder","status":"publish","type":"page","link":"https:\/\/er-ig.de\/cms\/mitglieder\/","title":{"rendered":"Unsere Mitglieder"},"content":{"rendered":"\n<figure data-wp-context=\"{&quot;imageId&quot;:&quot;69e444535e430&quot;}\" data-wp-interactive=\"core\/image\" data-wp-key=\"69e444535e430\" class=\"wp-block-image size-full has-custom-border is-style-default wp-lightbox-container\"><img loading=\"lazy\" decoding=\"async\" width=\"2560\" height=\"1440\" data-wp-class--hide=\"state.isContentHidden\" data-wp-class--show=\"state.isContentVisible\" data-wp-init=\"callbacks.setButtonStyles\" data-wp-on--click=\"actions.showLightbox\" data-wp-on--load=\"callbacks.setButtonStyles\" data-wp-on-window--resize=\"callbacks.setButtonStyles\" src=\"https:\/\/er-ig.de\/cms\/wp-content\/uploads\/2026\/04\/IMG_2670-edited-1-scaled.jpg\" alt=\"\" class=\"wp-image-2418\" style=\"border-radius:10px\" srcset=\"https:\/\/er-ig.de\/cms\/wp-content\/uploads\/2026\/04\/IMG_2670-edited-1-scaled.jpg 2560w, https:\/\/er-ig.de\/cms\/wp-content\/uploads\/2026\/04\/IMG_2670-edited-1-300x169.jpg 300w, https:\/\/er-ig.de\/cms\/wp-content\/uploads\/2026\/04\/IMG_2670-edited-1-1024x576.jpg 1024w, https:\/\/er-ig.de\/cms\/wp-content\/uploads\/2026\/04\/IMG_2670-edited-1-768x432.jpg 768w, https:\/\/er-ig.de\/cms\/wp-content\/uploads\/2026\/04\/IMG_2670-edited-1-1536x864.jpg 1536w, https:\/\/er-ig.de\/cms\/wp-content\/uploads\/2026\/04\/IMG_2670-edited-1-2048x1152.jpg 2048w\" sizes=\"auto, (max-width: 2560px) 100vw, 2560px\" \/><button\n\t\t\tclass=\"lightbox-trigger\"\n\t\t\ttype=\"button\"\n\t\t\taria-haspopup=\"dialog\"\n\t\t\taria-label=\"Vergr\u00f6\u00dfern\"\n\t\t\tdata-wp-init=\"callbacks.initTriggerButton\"\n\t\t\tdata-wp-on--click=\"actions.showLightbox\"\n\t\t\tdata-wp-style--right=\"state.imageButtonRight\"\n\t\t\tdata-wp-style--top=\"state.imageButtonTop\"\n\t\t>\n\t\t\t<svg xmlns=\"http:\/\/www.w3.org\/2000\/svg\" width=\"12\" height=\"12\" fill=\"none\" viewBox=\"0 0 12 12\">\n\t\t\t\t<path fill=\"#fff\" d=\"M2 0a2 2 0 0 0-2 2v2h1.5V2a.5.5 0 0 1 .5-.5h2V0H2Zm2 10.5H2a.5.5 0 0 1-.5-.5V8H0v2a2 2 0 0 0 2 2h2v-1.5ZM8 12v-1.5h2a.5.5 0 0 0 .5-.5V8H12v2a2 2 0 0 1-2 2H8Zm2-12a2 2 0 0 1 2 2v2h-1.5V2a.5.5 0 0 0-.5-.5H8V0h2Z\" \/>\n\t\t\t<\/svg>\n\t\t<\/button><\/figure>\n\n\n\n<p>Die Mitglieder der ERIG kommen aus fast allen Fakult\u00e4ten der TU Braunschweig. Es finden sich Luft- und Raumfahrttechniker*innen, Elektrotechniker*innen, Informatiker*innen aber auch Medienwissenschaftler*innen, Bauingenieur*innen, Physiker*innen, Chemiker*innen und Systemtechniker*innen.<\/p>\n\n\n\n<p>Die Mitglieder in der ERIG teilen sich in drei Gruppen: aktive Mitglieder, korrespondierende Mitglieder sowie Gastmitglieder. Die aktiven Mitglieder treffen sich w\u00f6chentlich, um an den Projekten zu arbeiten. Hier k\u00f6nnen alle mitmachen, egal ob Studierende oder Angestellte, Sch\u00fcler*innen oder Professor*innen.<\/p>\n\n\n\n<p>Die korrespondierenden Mitglieder sind ehemalige Aktive der ERIG und Personen, die aus beruflichen Gr\u00fcnden oder durch zu gro\u00dfe r\u00e4umliche Trennung zu Braunschweig nicht aktiv mitarbeiten k\u00f6nnen, trotzdem aber die Arbeit der ERIG unterst\u00fctzen m\u00f6chten, indem sie beispielsweise f\u00fcr uns Kontakte zur Industrie aufbauen oder uns mit ihrem Know-How zur Seite stehen.<\/p>\n\n\n\n<p>Gastmitglieder sind alle Interessierten, die einfach mal in die ERIG hineinschnuppern m\u00f6chten und sich ganz unverbindlich davon \u00fcberzeugen wollen, wieviel Spa\u00df die Arbeit bei der ERIG machen kann.<\/p>\n\n\n\n<p>Zum aktiven Mitglied kann man bei der ERIG nur gew\u00e4hlt werden. Nur die aktiven Mitglieder haben Stimmrecht in den Vollversammlungen. Jeder, der neu zu uns kommt, kann nach ein paar Wochen Gastmitglied werden. Am Ende jedes Semesters findet eine Vollversammlung statt. Hier kann ein Gastmitglied den Antrag auf aktive Mitgliedschaft stellen.<\/p>\n","protected":false},"excerpt":{"rendered":"<p>Die Mitglieder der ERIG kommen aus fast allen Fakult\u00e4ten der TU Braunschweig. Es finden sich Luft- und Raumfahrttechniker*innen, Elektrotechniker*innen, Informatiker*innen aber auch Medienwissenschaftler*innen, Bauingenieur*innen, Physiker*innen, Chemiker*innen und Systemtechniker*innen. Die Mitglieder in der ERIG teilen sich in drei Gruppen: aktive Mitglieder, korrespondierende Mitglieder sowie Gastmitglieder. Die aktiven Mitglieder treffen sich w\u00f6chentlich, um an den Projekten zu [&hellip;]<\/p>\n","protected":false},"author":1,"featured_media":0,"parent":0,"menu_order":0,"comment_status":"closed","ping_status":"closed","template":"","meta":{"footnotes":""},"class_list":["post-144","page","type-page","status-publish","hentry"],"yoast_head":"<!-- This site is optimized with the Yoast SEO plugin v27.4 - https:\/\/yoast.com\/product\/yoast-seo-wordpress\/ -->\n<title>Unsere Mitglieder &#8211; ERIG e.V.<\/title>\n<meta name=\"robots\" content=\"index, follow, max-snippet:-1, max-image-preview:large, max-video-preview:-1\" \/>\n<link rel=\"canonical\" href=\"https:\/\/er-ig.de\/cms\/mitglieder\/\" \/>\n<meta property=\"og:locale\" content=\"de_DE\" \/>\n<meta property=\"og:type\" content=\"article\" \/>\n<meta property=\"og:title\" content=\"Unsere Mitglieder &#8211; ERIG e.V.\" \/>\n<meta property=\"og:description\" content=\"Die Mitglieder der ERIG kommen aus fast allen Fakult\u00e4ten der TU Braunschweig. Es finden sich Luft- und Raumfahrttechniker*innen, Elektrotechniker*innen, Informatiker*innen aber auch Medienwissenschaftler*innen, Bauingenieur*innen, Physiker*innen, Chemiker*innen und Systemtechniker*innen. Die Mitglieder in der ERIG teilen sich in drei Gruppen: aktive Mitglieder, korrespondierende Mitglieder sowie Gastmitglieder. Die aktiven Mitglieder treffen sich w\u00f6chentlich, um an den Projekten zu [&hellip;]\" \/>\n<meta property=\"og:url\" content=\"https:\/\/er-ig.de\/cms\/mitglieder\/\" \/>\n<meta property=\"og:site_name\" content=\"ERIG e.V.\" \/>\n<meta property=\"article:modified_time\" content=\"2026-04-16T11:34:46+00:00\" \/>\n<meta property=\"og:image\" content=\"https:\/\/er-ig.de\/cms\/wp-content\/uploads\/2026\/04\/IMG_2670-edited-1-scaled.jpg\" \/>\n\t<meta property=\"og:image:width\" content=\"2560\" \/>\n\t<meta property=\"og:image:height\" content=\"1440\" \/>\n\t<meta property=\"og:image:type\" content=\"image\/jpeg\" \/>\n<meta name=\"twitter:card\" content=\"summary_large_image\" \/>\n<meta name=\"twitter:label1\" content=\"Gesch\u00e4tzte Lesezeit\" \/>\n\t<meta name=\"twitter:data1\" content=\"1\u00a0Minute\" \/>\n<script type=\"application\/ld+json\" class=\"yoast-schema-graph\">{\"@context\":\"https:\\\/\\\/schema.org\",\"@graph\":[{\"@type\":\"WebPage\",\"@id\":\"https:\\\/\\\/er-ig.de\\\/cms\\\/mitglieder\\\/\",\"url\":\"https:\\\/\\\/er-ig.de\\\/cms\\\/mitglieder\\\/\",\"name\":\"Unsere Mitglieder &#8211; ERIG e.V.\",\"isPartOf\":{\"@id\":\"https:\\\/\\\/er-ig.de\\\/cms\\\/#website\"},\"primaryImageOfPage\":{\"@id\":\"https:\\\/\\\/er-ig.de\\\/cms\\\/mitglieder\\\/#primaryimage\"},\"image\":{\"@id\":\"https:\\\/\\\/er-ig.de\\\/cms\\\/mitglieder\\\/#primaryimage\"},\"thumbnailUrl\":\"https:\\\/\\\/er-ig.de\\\/cms\\\/wp-content\\\/uploads\\\/2026\\\/04\\\/IMG_2670-edited-1-scaled.jpg\",\"datePublished\":\"2023-11-12T09:41:32+00:00\",\"dateModified\":\"2026-04-16T11:34:46+00:00\",\"inLanguage\":\"de\",\"potentialAction\":[{\"@type\":\"ReadAction\",\"target\":[\"https:\\\/\\\/er-ig.de\\\/cms\\\/mitglieder\\\/\"]}]},{\"@type\":\"ImageObject\",\"inLanguage\":\"de\",\"@id\":\"https:\\\/\\\/er-ig.de\\\/cms\\\/mitglieder\\\/#primaryimage\",\"url\":\"https:\\\/\\\/er-ig.de\\\/cms\\\/wp-content\\\/uploads\\\/2026\\\/04\\\/IMG_2670-edited-1-scaled.jpg\",\"contentUrl\":\"https:\\\/\\\/er-ig.de\\\/cms\\\/wp-content\\\/uploads\\\/2026\\\/04\\\/IMG_2670-edited-1-scaled.jpg\",\"width\":2560,\"height\":1440},{\"@type\":\"WebSite\",\"@id\":\"https:\\\/\\\/er-ig.de\\\/cms\\\/#website\",\"url\":\"https:\\\/\\\/er-ig.de\\\/cms\\\/\",\"name\":\"ERIG e.V.\",\"description\":\"\",\"publisher\":{\"@id\":\"https:\\\/\\\/er-ig.de\\\/cms\\\/#organization\"},\"potentialAction\":[{\"@type\":\"SearchAction\",\"target\":{\"@type\":\"EntryPoint\",\"urlTemplate\":\"https:\\\/\\\/er-ig.de\\\/cms\\\/?s={search_term_string}\"},\"query-input\":{\"@type\":\"PropertyValueSpecification\",\"valueRequired\":true,\"valueName\":\"search_term_string\"}}],\"inLanguage\":\"de\"},{\"@type\":\"Organization\",\"@id\":\"https:\\\/\\\/er-ig.de\\\/cms\\\/#organization\",\"name\":\"ERIG e.V.\",\"url\":\"https:\\\/\\\/er-ig.de\\\/cms\\\/\",\"logo\":{\"@type\":\"ImageObject\",\"inLanguage\":\"de\",\"@id\":\"https:\\\/\\\/er-ig.de\\\/cms\\\/#\\\/schema\\\/logo\\\/image\\\/\",\"url\":\"https:\\\/\\\/er-ig.de\\\/cms\\\/wp-content\\\/uploads\\\/2023\\\/11\\\/ERIG_Farben_RGB_01.png\",\"contentUrl\":\"https:\\\/\\\/er-ig.de\\\/cms\\\/wp-content\\\/uploads\\\/2023\\\/11\\\/ERIG_Farben_RGB_01.png\",\"width\":1995,\"height\":561,\"caption\":\"ERIG e.V.\"},\"image\":{\"@id\":\"https:\\\/\\\/er-ig.de\\\/cms\\\/#\\\/schema\\\/logo\\\/image\\\/\"}}]}<\/script>\n<!-- \/ Yoast SEO plugin. -->","yoast_head_json":{"title":"Unsere Mitglieder &#8211; ERIG e.V.","robots":{"index":"index","follow":"follow","max-snippet":"max-snippet:-1","max-image-preview":"max-image-preview:large","max-video-preview":"max-video-preview:-1"},"canonical":"https:\/\/er-ig.de\/cms\/mitglieder\/","og_locale":"de_DE","og_type":"article","og_title":"Unsere Mitglieder &#8211; ERIG e.V.","og_description":"Die Mitglieder der ERIG kommen aus fast allen Fakult\u00e4ten der TU Braunschweig. Es finden sich Luft- und Raumfahrttechniker*innen, Elektrotechniker*innen, Informatiker*innen aber auch Medienwissenschaftler*innen, Bauingenieur*innen, Physiker*innen, Chemiker*innen und Systemtechniker*innen. Die Mitglieder in der ERIG teilen sich in drei Gruppen: aktive Mitglieder, korrespondierende Mitglieder sowie Gastmitglieder. Die aktiven Mitglieder treffen sich w\u00f6chentlich, um an den Projekten zu [&hellip;]","og_url":"https:\/\/er-ig.de\/cms\/mitglieder\/","og_site_name":"ERIG e.V.","article_modified_time":"2026-04-16T11:34:46+00:00","og_image":[{"width":2560,"height":1440,"url":"https:\/\/er-ig.de\/cms\/wp-content\/uploads\/2026\/04\/IMG_2670-edited-1-scaled.jpg","type":"image\/jpeg"}],"twitter_card":"summary_large_image","twitter_misc":{"Gesch\u00e4tzte Lesezeit":"1\u00a0Minute"},"schema":{"@context":"https:\/\/schema.org","@graph":[{"@type":"WebPage","@id":"https:\/\/er-ig.de\/cms\/mitglieder\/","url":"https:\/\/er-ig.de\/cms\/mitglieder\/","name":"Unsere Mitglieder &#8211; ERIG e.V.","isPartOf":{"@id":"https:\/\/er-ig.de\/cms\/#website"},"primaryImageOfPage":{"@id":"https:\/\/er-ig.de\/cms\/mitglieder\/#primaryimage"},"image":{"@id":"https:\/\/er-ig.de\/cms\/mitglieder\/#primaryimage"},"thumbnailUrl":"https:\/\/er-ig.de\/cms\/wp-content\/uploads\/2026\/04\/IMG_2670-edited-1-scaled.jpg","datePublished":"2023-11-12T09:41:32+00:00","dateModified":"2026-04-16T11:34:46+00:00","inLanguage":"de","potentialAction":[{"@type":"ReadAction","target":["https:\/\/er-ig.de\/cms\/mitglieder\/"]}]},{"@type":"ImageObject","inLanguage":"de","@id":"https:\/\/er-ig.de\/cms\/mitglieder\/#primaryimage","url":"https:\/\/er-ig.de\/cms\/wp-content\/uploads\/2026\/04\/IMG_2670-edited-1-scaled.jpg","contentUrl":"https:\/\/er-ig.de\/cms\/wp-content\/uploads\/2026\/04\/IMG_2670-edited-1-scaled.jpg","width":2560,"height":1440},{"@type":"WebSite","@id":"https:\/\/er-ig.de\/cms\/#website","url":"https:\/\/er-ig.de\/cms\/","name":"ERIG e.V.","description":"","publisher":{"@id":"https:\/\/er-ig.de\/cms\/#organization"},"potentialAction":[{"@type":"SearchAction","target":{"@type":"EntryPoint","urlTemplate":"https:\/\/er-ig.de\/cms\/?s={search_term_string}"},"query-input":{"@type":"PropertyValueSpecification","valueRequired":true,"valueName":"search_term_string"}}],"inLanguage":"de"},{"@type":"Organization","@id":"https:\/\/er-ig.de\/cms\/#organization","name":"ERIG e.V.","url":"https:\/\/er-ig.de\/cms\/","logo":{"@type":"ImageObject","inLanguage":"de","@id":"https:\/\/er-ig.de\/cms\/#\/schema\/logo\/image\/","url":"https:\/\/er-ig.de\/cms\/wp-content\/uploads\/2023\/11\/ERIG_Farben_RGB_01.png","contentUrl":"https:\/\/er-ig.de\/cms\/wp-content\/uploads\/2023\/11\/ERIG_Farben_RGB_01.png","width":1995,"height":561,"caption":"ERIG e.V."},"image":{"@id":"https:\/\/er-ig.de\/cms\/#\/schema\/logo\/image\/"}}]}},"_links":{"self":[{"href":"https:\/\/er-ig.de\/cms\/wp-json\/wp\/v2\/pages\/144","targetHints":{"allow":["GET"]}}],"collection":[{"href":"https:\/\/er-ig.de\/cms\/wp-json\/wp\/v2\/pages"}],"about":[{"href":"https:\/\/er-ig.de\/cms\/wp-json\/wp\/v2\/types\/page"}],"author":[{"embeddable":true,"href":"https:\/\/er-ig.de\/cms\/wp-json\/wp\/v2\/users\/1"}],"replies":[{"embeddable":true,"href":"https:\/\/er-ig.de\/cms\/wp-json\/wp\/v2\/comments?post=144"}],"version-history":[{"count":13,"href":"https:\/\/er-ig.de\/cms\/wp-json\/wp\/v2\/pages\/144\/revisions"}],"predecessor-version":[{"id":2419,"href":"https:\/\/er-ig.de\/cms\/wp-json\/wp\/v2\/pages\/144\/revisions\/2419"}],"wp:attachment":[{"href":"https:\/\/er-ig.de\/cms\/wp-json\/wp\/v2\/media?parent=144"}],"curies":[{"name":"wp","href":"https:\/\/api.w.org\/{rel}","templated":true}]}}